 - 4))/1 is divided by 16.
13
Let y = 374 + -287. Suppose 8*c = 3*c + 150. What is the remainder when y is divided by c?
27
Suppose 8*k = 3*k - 5*c + 125, -3*c = -9. Calculate the remainder when 196 is divided by k.
20
Let s(j) = -31*j**2 - 263*j + 2. Let z be s(-8). Let p = 141 - 59. Let d = z - p. What is the remainder when d is divided by 21?
19
Let x = 36 - 18. Let f = 693 + -642. What is the remainder when f is divided by x?
15
Suppose 0 = -7*u + 3*u + 12. Calculate the remainder when u/(-1) - (-2 + -158 - -4) is divided by 13.
10
Suppose -54 = -12*l + 18. Calculate the remainder when 77 is divided by l.
5
Let t = 7 + 3. Let d(n) = -n + 10. Let a be d(7). Suppose -k - a*k = -12. Calculate the remainder when t is divided by k.
1
Suppose -5*a - 303 + 583 = 0. Calculate the remainder when a is divided by 36.
20
Let j(b) = -33*b - 2. Let g be j(2). What is the remainder when g/(-1)*1 - 3 is divided by 17?
14
Calculate the remainder when 52 is divided by (33/55 - 16/(-15))*3.
2
Let v = 5 + 87. Let r be ((-2)/6)/(4/(-24)). Suppose 3*m - v = m + r*j, 44 = m - 3*j. Calculate the remainder when m is divided by 13.
8
Let q(d) = 8*d**3 - d**2 + 7*d - 6. Let f be 81/18*4/(-3). Let s(t) = t - 1. Let k(o) = f*s(o) + q(o). Calculate the remainder when k(1) is divided by 5.
3
Suppose -2*x = 2*a - 240 - 106, 0 = 2*a + 4*x - 346. What is the remainder when a is divided by 14?
5
Let n = 96 + 1. Let f = n - 139. What is the remainder when (-6)/(-21) - 1668/f is divided by 21?
19
Suppose 8*g + 330 = 19*g. What is the remainder when g is divided by 18?
12
Suppose -5*h + 2*i - 4 = -7*h, -3*i + 6 = 5*h. Let n = h + 7. Calculate the remainder when (2/1 + -21)/(-1) is divided by n.
5
Let t(f) = 66*f**2 + 3*f + 1. Let d = -173 - -179. What is the remainder when t(-1) is divided by d?
4
Suppose 7*x = 2*x + 45. Let h = 23 - x. Calculate the remainder when h is divided by ((-15)/(-20))/((-2)/(-8)).
2
Suppose 0 = 3*i - 5*i + 98. Suppose 2*m - 16 - 18 = 0. What is the remainder when i is divided by m?
15
Let o be (-17)/(-5) + (-6)/(-10). Suppose -2*j + o = -52. Calculate the remainder when j is divided by 10.
8
Let o(n) = -42*n - 14. Let g(w) = -w - 2. Let k(z) = 6*g(z) - o(z). Calculate the remainder when 75 is divided by k(1).
37
Let k = -29 - -17. Let h(r) = -r**2 - 12*r + 9. What is the remainder when h(k) is divided by 6?
3
Suppose 4*v = 3*f - 615, -5*f + 7*v = 2*v - 1030. Calculate the remainder when f is divided by 15.
14
Let c = -43 - -96. Calculate the remainder when 263 is divided by c.
51
Let n(h) = 11*h**2 - 16*h**2 - 10*h + 6*h**2 - 7. Let m be n(11). Suppose m*q + 32 = 3*a, -5*q + 1 = 2*a - 28. Calculate the remainder when a is divided by 7.
5
Let u(p) = 2*p**2 - 22*p + 15. What is the remainder when 193 is divided by u(11)?
13
Let q = 13 - 11. Suppose 0 = -q*m + 23 + 27. Let n = m - 14. What is the remainder when 41 is divided by n?
8
Let i(p) = p**3 + 17*p**2 + 37*p - 12. What is the remainder when i(-13) is divided by 31?
28
Suppose -4*o + 4*r + 2 = 3*r, 0 = -5*r - 10. Suppose 3*y + 96 = 3*w, 4*y = -o*w + 2*w - 74. What is the remainder when w is divided by 10?
7
Suppose -2*b - 225 = b. Let q be (-1)/(b/24 - -3). Suppose q*r = 6*r + 18. Calculate the remainder when 35 is divided by r.
8
Suppose 7*h = 11*h - 72. Suppose 76 - h = 2*s. What is the remainder when s is divided by 12?
5
Let q = 233 - 123. Let m(z) = 3*z**2 + 14*z + 33. What is the remainder when q is divided by m(-6)?
53
Suppose 5*m = -3*n + 128, 0 = 3*m + 2*n + 12 - 89. Let j = m - 15. Calculate the remainder when 37 is divided by j.
7
Suppose -58 = -17*v + 112. What is the remainder when 368 is divided by v?
8
Let x = -1927 - -2009. Calculate the remainder when 1393 is divided by x.
81
Suppose 0*l - 2*l = -12. Suppose l*h = -h + 28. What is the remainder when 15 is divided by h?
3
Suppose 3*z = 15, -51 = -l - 3*z + 5*z. Calculate the remainder when l is divided by 32.
29
Let b(p) = -p**3 + 11*p**2 - 9*p - 10. Let c(k) = -2*k**3 + 23*k**2 - 18*k - 21. Let i(l) = -7*b(l) + 3*c(l). What is the remainder when 39 is divided by i(7)?
18
Suppose 0*x - 3*x + 2091 = 0. Suppose -703 = -4*q - 3*u - 0*u, 4*q + 5*u = x. What is the remainder when q is divided by 36?
34
Suppose 5*n = -5, -2*n + 199 + 174 = 5*o. What is the remainder when o - (2/3)/((-14)/(-63)) is divided by 38?
34
Let q = -20 - -24. Suppose -3*r = g + 2*r - 20, -g + 17 = q*r. Suppose -5*s + 4*z + 1 = 8, -5*s + g*z = 10. What is the remainder when s is divided by 1?
0
Let f(v) = -v**3 - 3*v**2 - 3*v - 6. Let x be 16/(-4)*111/12. Let q = x + 100. Calculate the remainder when q is divided by f(-4).
19
Suppose 0*q + 4 = 2*h + q, 16 = 2*h - 5*q. Suppose -4*t - 6*d - 4 = -d, 4 = -h*t - 4*d. Calculate the remainder when 26 is divided by t.
2
Calculate the remainder when 33 is divided by (-6)/(-4)*440/60.
0
Suppose -3*d = -i - 171, 2*d = 7*i - 5*i + 110. Calculate the remainder when 181 is divided by d.
7
Let o = -255 + 272. What is the remainder when 99 is divided by o?
14
Calculate the remainder when 7/28*(0 + 148) is divided by 11.
4
Let n(w) = -w**2 - 24*w - 78. Calculate the remainder when 198 is divided by n(-19).
11
Let u(f) = -2*f - 13. Suppose -5*s + 3*j + 164 = 0, 15*j - 12*j = 3*s - 102. What is the remainder when s is divided by u(-12)?
9
Suppose 4*d = -0*d - 4*i - 56, 62 = -5*d + 3*i. Let r = d - -24. What is the remainder when r is divided by 3?
2
Suppose 8*i - 1340 = 244. Calculate the remainder when i is divided by 66.
0
Let v(d) = 30*d**2 - d. Calculate the remainder when (-176)/(-2) - (5 + -1) is divided by v(1).
26
Suppose -5*f - 10*f + 225 = 0. What is the remainder when 42 is divided by f?
12
Suppose -c - 2*c = 4*a - 264, 8 = -2*c. What is the remainder when 756 is divided by a?
66
Suppose -h = 4*w - 23 - 48, 0 = -2*w - 4*h + 46. Let a = w + -5. Suppose -5*l = -118 + 3. What is the remainder when l is divided by a?
11
Let v be 4*5/(-10)*-1. Suppose -z - 5*o + v*o + 69 = 0, -o = 2*z - 123. What is the remainder when z is divided by 21?
18
Let r = -1034 - -1040. What is the remainder when 267 is divided by r?
3
Suppose -47*k + 817 = -4*k. What is the remainder when 529 is divided by k?
16
Let j be 5/(-10)*(12 + 2). Let z(p) = -3*p - 16. What is the remainder when 3/6 + (-35)/(-2) is divided by z(j)?
3
Suppose -8*g = -14*g + 12. Suppose g*n = 5*l - 509, -2*n - 1 - 3 = 0. What is the remainder when l is divided by 34?
33
Suppose 2*c - 62 = -3*c - 3*h, c - 5*h - 18 = 0. Let n = 61 + 1. Calculate the remainder when n is divided by c.
10
Let v = 10 - 22. Calculate the remainder when 168/(-30)*(2 + v) is divided by 20.
16
Let s(m) = m**2 - 5. Suppose 2*f + j + 9 = 0, -f - 2*f + 4*j = 8. Let b = 1390 + -1383. What is the remainder when s(f) is divided by b?
4
Let p = 104 - 78. Calculate the remainder when 43 is divided by p.
17
Let k(y) = 2*y**3 + y - 8. Calculate the remainder when k(4) is divided by 14.
12
Let s = 651 - 577. What is the remainder when s is divided by 26?
22
Suppose 2*l - 4 = 4. Suppose -3*b - 4*u + 32 = u, -5*u + 4 = -4*b. Calculate the remainder when b is divided by 2/l*4 + 0.
0
Let g = 45 + -95. Let h = -28 - g. Calculate the remainder when h is divided by 6.
4
Let f = -101 + 163. Let m be -2*(-2)/(-12) + 8/(-12). What is the remainder when f is divided by 14 - ((-3 - m) + 0)?
14
Suppose 1 = 2*c - 11. Let b be -1 + 2 - 2 - (-7 - -3). Calculate the remainder when 16 is divided by (-1)/b + 56/c.
7
What is the remainder when 96 is divided by (12*(-1)/(-20))/(2/110)?
30
Let v(l) = l**2 - 12*l - 5. Suppose -4*t + 47 = -5*k, 3*k - 14 - 15 = -2*t. Calculate the remainder when v(t) is divided by 2.
0
Let f be (14/(-42))/((-1)/15). Suppose r = 1, -f*r = x + 4 + 3. What is the remainder when 24 is divided by (1 - -1)*(-54)/x?
6
Suppose 2*g = -6*n + 10*n - 1002, n - 258 = -2*g. What is the remainder when n is divided by 81?
9
Suppose 2*n + 5*h = 58 - 1, -5*n + 5*h + 55 = 0. Calculate the remainder when 619 is divided by n.
11
What is the remainder when 186 is divided by (-5)/(-20) - (-126)/8?
10
Let v = -64 - -113. What is the remainder when 293 is divided by v?
48
Let w(k) = -2*k**2 + 4*k + 4. Suppose -4 = -4*u + 3*u. Let q be w(u). Calculate the remainder when -84*5/(70/q) is divided by 37.
35
Let t be 143 + (22/(-8